6051?
5
What is the tens digit of 4951?
5
What is the ten thousands digit of 45897?
4
What is the units digit of 269?
9
What is the units digit of 39330?
0
What is the tens digit of 1179?
7
What is the tens digit of 2987?
8
What is the units digit of 2230?
0
What is the hundreds digit of 943?
9
What is the hundreds digit of 54045?
0
What is the thousands digit of 4671?
4
What is the tens digit of 179?
7
What is the units digit of 6947?
7
What is the units digit of 9007?
7
What is the tens digit of 19265?
6
What is the hundreds digit of 1718?
7
What is the hundreds digit of 15994?
9
What is the tens digit of 896?
9
What is the units digit of 6186?
6
What is the ten thousands digit of 27168?
2
What is the ten thousands digit of 68105?
6
What is the hundreds digit of 4048?
0
What is the units digit of 210?
0
What is the hundred thousands digit of 108353?
1
What is the thousands digit of 3090?
3
What is the tens digit of 994?
9
What is the ten thousands digit of 10842?
1
What is the tens digit of 1790?
9
What is the units digit of 16515?
5
What is the hundreds digit of 151877?
8
What is the tens digit of 889?
8
What is the hundreds digit of 787?
7
What is the hundreds digit of 7640?
6
What is the tens digit of 1558?
5
What is the units digit of 14344?
4
What is the tens digit of 66?
6
What is the thousands digit of 5704?
5
What is the hundreds digit of 298?
2
What is the hundreds digit of 21330?
3
What is the thousands digit of 44359?
4
What is the thousands digit of 53703?
3
What is the tens digit of 5873?
7
What is the units digit of 2077?
7
What is the units digit of 10675?
5
What is the ten thousands digit of 26536?
2
What is the hundreds digit of 2212?
2
What is the units digit of 18198?
8
What is the units digit of 41096?
6
What is the hundreds digit of 20591?
5
What is the hundreds digit of 5003?
0
What is the hundreds digit of 811?
8
What is the thousands digit of 1767?
1
What is the units digit of 82776?
6
What is the hundreds digit of 1449?
4
What is the hundreds digit of 6643?
6
What is the units digit of 376?
6
What is the thousands digit of 4793?
4
What is the hundreds digit of 6566?
5
What is the units digit of 1675?
5
What is the hundreds digit of 5830?
8
What is the units digit of 4517?
7
What is the ten thousands digit of 11676?
1
What is the thousands digit of 10278?
0
What is the thousands digit of 26199?
6
What is the tens digit of 42060?
6
What is the hundreds digit of 501?
5
What is the hundreds digit of 11908?
9
What is the tens digit of 1313?
1
What is the tens digit of 95587?
8
What is the ten thousands digit of 17739?
1
What is the units digit of 3775?
5
What is the units digit of 6601?
1
What is the hundreds digit of 309?
3
What is the ten thousands digit of 15811?
1
What is the units digit of 15720?
0
What is the hundreds digit of 47014?
0
What is the thousands digit of 1320?
1
What is the hundreds digit of 3250?
2
What is the units digit of 46253?
3
What is the units digit of 576?
6
What is the units digit of 18236?
6
What is the units digit of 101?
1
What is the hundreds digit of 637?
6
What is the thousands digit of 8169?
8
What is the hundreds digit of 646?
6
What is the units digit of 213?
3
What is the ten thousands digit of 17539?
1
What is the units digit of 118090?
0
What is the units digit of 3321?
1
What is the units digit of 61135?
5
What is the units digit of 1688?
8
What is the tens digit of 76327?
2
What is the hundreds digit of 29281?
2
What is the units digit of 2908?
8
What is the units digit of 14591?
1
What is the thousands digit of 3827?
3
What is the hundreds digit of 3415?
4
What is the units digit of 2792?
2
What is the thousands digit of 13725?
3
What is the thousands digit of 8750?
8
What is the tens digit of 1587?
8
What is the units digit of 1419?
9
What is the hundreds digit of 107461?
4
What is the units digit of 3943?
3
What is the thousands digit of 69812?
9
What is the hundreds digit of 2111?
1
What is the units digit of 7936?
6
What is the units digit of 953?
3
What is the hundreds digit of 579?
5
What is the hundreds digit of 1906?
9
What is the thousands digit of 4865?
4
What is the tens digit of 1208?
0
What is the hundreds digit of 162163?
1
What is the hundreds digit of 13701?
7
What is the units digit of 85?
5
What is the units digit of 36722?
2
What is the thousands digit of 2774?
2
What is the tens digit of 2291?
9
What is the hundreds digit of 23683?
6
What is the units digit of 955?
5
What is the thousands digit of 2398?
2
What is the tens digit of 293?
9
What is the hundreds digit of 6231?
2
What is the tens digit of 70522?
2
What is the tens digit of 67812?
1
What is the hundreds digit of 7627?
6
What is the units digit of 19098?
8
What is the hundred thousands digit of 136803?
1
What is the hundreds digit of 120?
1
What is the hundreds digit of 7538?
5
What is the tens digit of 121282?
8
What is the ten thousands digit of 42738?
4
What is the units digit of 1478?
8
What is the hundreds digit of 21954?
9
What is the hundreds digit of 2169?
1
What is the units digit of 425?
5
What is the tens digit of 1172?
7
What is the units digit of 35378?
8
What is the thousands digit of 13601?
3
What is the units digit of 9824?
4
What is the tens digit of 4089?
8
What is the hundred thousands digit of 130817?
1
What is the units digit of 5931?
1
What is the tens digit of 921?
2
What is the tens digit of 10298?
9
What is the thousands digit of 62412?
2
What is the hundreds digit of 14312?
3
What is the tens digit of 1325?
2
What is the thousands digit of 13539?
3
What is the units digit of 5138?
8
What is the units digit of 157?
7
What is the thousands digit of 4259?
4
What is the units digit of 1803?
3
What is the hundreds digit of 8406?
4
What is the thousands digit of 2098?
2
What is the ten thousands digit of 43570?
4
What is the hundreds digit of 40486?
4
What is the units digit of 601?
1
What is the units digit of 862?
2
What is the thousands digit of 2338?
2
What is the tens digit of 7720?
2
What is the hundreds digit of 18755?
7
What is the hundreds digit of 1430?
4
What is the tens digit of 950?
5
What is the ten thousands digit of 111461?
1
What is the units digit of 11893?
3
What is the units digit of 2218?
8
What is the hundreds digit of 3099?
0
What is the hundreds digit of 8408?
4
What is the tens digit of 37257?
5
What is the ten thousands digit of 42108?
4
What is the thousands digit of 61293?
1
What is the thousands digit of 1112?
1
What is the hundreds digit of 1896?
8
What is the units digit of 9564?
4
What is the hundreds digit of 7426?
4
What is the units digit of 50900?
0
What is the thousands digit of 24501?
4
What is the tens digit of 12260?
6
What is the units digit of 62?
2
What is the thousands digit of 9571?
9
What is the thousands digit of 2045?
2
What is the hundreds digit of 906?
9
What is the units digit of 164801?
1
What is the thousands digit of 10635?
0
What is the units digit of 2003?
3
What is the ten thousands digit of 66880?
6
What is the tens digit of 1474?
7
What is the units digit of 2680?
0
What is the thousands digit of 6053?
6
What is the thousands digit of 1785?
1
What is the hundreds digit of 2441?
4
What is the thousands digit of 3716?
3
What is the tens digit of 1096?
9
What is the ten thousands digit of 118534?
1
What is the units digit of 26579?
9
What is the thousands digit of 4137?
4
What is the hundreds digit of 2943?
9
What is the hundreds digit of 2263?
2
What is the thousands digit of 6978?
6
What is the tens digit of 649?
4
What is the hundreds digit of 558?
5
What is the thousands digit of 16127?
6
What is the hundreds digit of 5542?
5
What is the tens digit of 1059?
5
What is the hundreds digit of 9210?
2
What is the tens digit of 483?
8
What is the tens digit of 94?
9
What is the hundreds digit of 2703?
7
What is the tens digit of 7634?
3
What is the hundreds digit of 2271?
2
What is the units digit of 6410?
0
What is the thousands digit of 4594?
4
What is the units digit of 8149?
9
What is the tens digit of 941?
4
What is the units digit of 470?
0
What is the hundreds digit of 18206?
2
What is the units digit of 15770?
0
What is the units digit of 35249?
9
What is the hundreds digit of 1259?
2
What is the tens digit of 456